 - ((8 - 4) + -3)?
-8
-85 - -86 - (10 - 1)
-8
Evaluate -1 + -2 + -6 + 138 + -135 - -24.
18
What is the value of 0 + 5 + 0 + -7 + -24 + 33?
7
Evaluate 1 + (17 - (17 - (0 - -8))).
9
11 + (-4 - -1 - 4 - (21 - 23))
6
(-53 - (2 + -25)) + 21
-9
Evaluate (276 - 274) + (-15 - (-1 + 6 - 2)).
-16
Calculate 0 + 5 + (-9 - (-26 + (15 - 3))).
10
What is the value of (11 - 2) + 487 + -474?
22
What is the value of 8 - 9 - (0 - 2) - (-35 + 34)?
2
Calculate 3 + 8 - ((39 - 5) + -6).
-17
-36 + -29 + 45 + (44 - -1)
25
Evaluate 6 + (3 - 8) + (7 - 0).
8
What is -4 + (0 - (-3 - (5 - 2)) - 4)?
-2
What is 1 + (-3 - ((8 - 6) + -3)) - -19?
18
What is (-9 + 16 - ((3 - -5) + -2)) + -3?
-2
Calculate -11 + (-16 - -8) + 6 - (-9 - -1).
-5
What is the value of -9 - (0 - (10 - 2) - (30 + -41))?
-12
(35 + -78 - -81) + -75
-37
What is the value of (-3 + -8 + 6 - 4) + -1?
-10
-18 - (0 - (1 - -2)) - (16 - 9)
-22
Calculate -11 - 2 - 13 - -25.
-1
What is the value of -3 + (-25 + 33 - (1 - -7))?
-3
What is -3 + -11 + 9 + (3 - -7) - -4?
9
2 + -19 + 32 + 11 + -56
-30
-34 - (-28 - (10 + 24))
28
Evaluate (2583 - 2589) + -2 + -1 + -16.
-25
Calculate 22 - (37 + 3 - 11).
-7
-3 - -1 - (0 - (2 - 13))
-13
-1 - -5 - (-108 + 118)
-6
What is (-77 - -104) + -10 + 1 + -9 + -17?
-8
Evaluate 10 + 0 + -1 - (24 - -4 - 30).
11
Calculate -13 + (-2 - (-6 + 4 + -6)) - 5.
-12
Calculate (0 - (-1 + 0)) + 12 + -524 + 525.
14
Calculate (-9 - (-1 - 1)) + 20.
13
Evaluate (12 - 7) + 9 + (-26 - 1).
-13
What is the value of 7 - ((-306 - -308) + 20 + (0 - 1))?
-14
Calculate 0 + 14 + -1 + -28 + 20 + 8.
13
39 + -45 + -3 - 10
-19
What is 24 - 16 - 9 - ((-4 - 1) + 7)?
-3
Evaluate 19 + (8 - ((-7 - -18) + 14)).
2
What is -2 + 1 + (10 - 21) + (2 - -14)?
4
Evaluate -7 + (5 - (-7 + -8 + 1 + -1)).
13
Evaluate (48 - 42) + -22 + 1.
-15
-4 - -5 - (-5 - (-26 + 7 - -3))
-10
Calculate 2 + 0 + -4 + (26 - (50 - 24)).
-2
Evaluate (3 - (6 - 1)) + -1 - (0 - -5).
-8
Calculate 2 + 3 - ((-9 - -13) + -8).
9
Calculate (-18 + -5 - -10) + -5.
-18
Calculate -5 + (21 - 10 - (-4 - (5 - 11))).
4
What is the value of -5 + (4 - 2) - (-12 - (5 + -16))?
-2
Calculate 31 + -29 - (0 + -17 - (-14 + 12)).
17
What is -4 + -20 - -5 - (-1 + -9 - -1)?
-10
What is -121 + 126 + (6 - -2) + 3?
16
(20 - -1) + 0 + (-1 - -2) + -7
15
Evaluate -15 - (-40 + 13) - 28.
-16
Calculate -1423 - -1416 - (9 - -1).
-17
What is 16 - (13 - (8 + -26))?
-15
Calculate -7 + 3 + -3 - (-1 + -7 + 7).
-6
What is 5 + (2 - (8 - 14) - 12)?
1
Calculate 2 - -1 - (-63 - (-8 - 61)).
-3
Evaluate 16 + 1 - ((-7 + -2 - -19) + -9).
16
-1 - (-4 + (18 + -29 - -6))
8
What is 9 + (11 - 23 - 10) - 3?
-16
Calculate 17 + (18 + -17 - 19).
-1
What is -2 + (-11 - -2 - (21 + -30)) - 22?
-24
What is the value of 7 + -4 + 12 + -4?
11
What is 0 - 1 - (-2 + -1 + -8 + -12)?
22
Calculate 22 + (4 + 2 - (13 + -8)).
23
Calculate (-22 - -8) + 26 - 0 - 30.
-18
What is the value of (37 - 13) + -17 - 20?
-13
-85 + 97 - (-9 + 4 + 0 + -3)
20
Evaluate (6 - 10 - -1) + (-3 - 7) + 0.
-13
What is the value of -19 + (-8 - -46) + -8?
11
21 - 21 - (-1 + 16 + 0)
-15
Evaluate (-3 - -1 - 1) + (14 - (-5 - -21)).
-5
Calculate 5 + (18 - 9) - -4.
18
Calculate -8 - (16 - 34 - -16).
-6
What is -212 - -235 - (-3 - -3)?
23
What is -2 + 19 + -9 + -17?
-9
Evaluate 38 - 15 - (11 - 3).
15
Evaluate (9 - 36) + (0 + -5 - -16) + -5.
-21
Calculate -856 - -852 - (-34 - (2 + -1)).
31
Calculate (-1 - (-1 - 10)) + -7 - 21.
-18
(59 - 68) + 2 + -4
-11
What is the value of 1 - ((-7 - -4) + -2 - (1 + -4))?
3
(-5 - (-24 - -11)) + -1 + -28
-21
What is the value of -28 + (2 - -8) - (-1 - (-5 - 2))?
-24
5 + 21 + -36 - -10
0
What is (-1 - (-6 + (-1 - -1)) - -3) + -3?
5
Evaluate -10 + 1 + -9 + (10 - 0).
-8
Calculate 236 - 231 - (9 + 0).
-4
What is the value of (17 - -16) + -51 + 25?
7
Evaluate 3 + -11 + -18 + (-16 - -35) - -34.
27
Evaluate 17 + -10 + 15 + -21.
1
-59 + 70 + 0 + -5 + -20
-14
Evaluate (-610 - -632) + -22 + 1.
1
Evaluate 1 + 11 + (0 + -9 - (100 - 106)).
9
Calculate (1 + -8 + 15 - 12) + -7.
-11
What is the value of 18 + -3 + -41 - (12 + -12)?
-26
Evaluate -12 + (7 - (-7 - 3)) + (-1 - 3).
1
Evaluate -18 - -19 - -16 - 6.
11
Evaluate -3 + -11 + (9 - 10) + 14 + -10.
-11
1 + -16 + -13 + (10 - 0)
-18
What is the value of (3 - 8) + -1 + 6 + -8?
-8
Evaluate 28 + -16 + 35 + -16 - 10.
21
Evaluate 7 + (-5 - 6 - 6 - (-4 + 8)).
-14
What is the value of (26 - 24) + (-4 - 0) - -10?
8
What is -1 + -9 + (30 - 18) + 0 + -3?
-1
What is 14 - (-1 - -4) - (-1 - 7)?
19
-1 + 3 - 7 - (69 + -49)
-25
Calculate -34 + 57 + (-18 - 8).
-3
Calculate 20 + -2 + (-332 - -300).
-14
What is -8 + -8 + -2 + (-2 - 5 - -18)?
-7
Calculate (16 - (59 + -42)) + (0 - -19).
18
What is the value of -1 + (3 - (-4 + (0 - 17)))?
23
Evaluate (19 - 21) + (-12 - 0).
-14
What is -8 - ((-24 - -1) + 10 - (-2 - 9))?
-6
What is 0 - -2 - ((-60 - -79) + (2 - 27))?
8
Calculate -3 + -7 + (-2 - -14) + -5.
-3
What is 8 + 3 + 3 + -3 - (1 + 3)?
7
Calculate -4 + 2 + -1 - (32 - (101 - 70)).
-4
What is the value of 30 - (-7 + 5 + 18)?
14
What is the value of 24 + -1 + -24 + 9?
8
What is the value of 60 + (25 - 38) - 26?
21
Calculate 14 + (-3 + 18 - 32).
-3
What is the value of -18 + (-12 - (0 + -11) - 1)?
-20
Evaluate -3 - (-9 - 2) - (-9 - (-1 - 1)).
15
Calculate 1 + 6 - (-30 + 26).
11
What is the value of 0 - (2 + (-6 + 9 - (-2 + 3)))?
-4
Calculate (-20 - -13) + -3 + 9 + -13.
-14
What is (8 - 2) + (-3 - (4 + 1 + -1))?
-1
What is the value of -164 + 168 + -10 + (0 - -2)?
-4
What is the value of (497 - 512) + (-1 - -1) + 0?
-15
What is -9 + (6 - (-11 - -9)) - -22?
21
What is -5 + (-22 - (-15 + 3) - (-1 + -1))?
-13
What is (-41 - -49) + -4 + -23?
-19
What is the value of -129 + 155 + (-2 - 12)?
12
What is the value of -3 - -2 - (2 + (-5 - -8))?
-6
What is (-80 - -68) + (1 - -20)?
9
What is -7 - (9 + (-3 - 7 - -4))?
-10
Calculate 1 - ((-6 - (-13 + -7 + 8)) + -6).
1
-7 + (27 - (54 + -20))
-14
What is the value of 10 + 10 + -12 + -10 - 8?
-10
Evaluate -7 - (-1 - 19) - (72 - 48).
-11
9 - 1 - (65 + -45 + (2 - -12))
-26
Evaluate (4 - 0) + -9 - (-3 + 0 + 0).
-2
Evaluate 33 + -30 - ((-5 - 0) + 0 + 22).
-14
What is the value of 1 + (-4 - (6 - (-10 - -6)))?
-13
Calculate -3 - (-22 - -14 - 12).
17
What is the value of 14 + 7 - 27 - 2?
-8
Calculate 14 - (-7 + 51 + -4 - 1).
-25
What is (-3 - (-4 + 5)) + -28 + 25?
-7
Calculate 5 + (2 + 1 - 1) + (-20 - -7).
-6
Calculate (-6 - 1) + 15 + (-17 - 7 - -19).
3
(-1 + 4 - (-10 - (-12 - 6))) + 5
0
What is -2 - -1 - -4 - 5 - 7 - -20?
11
13 - (2 - -18 - 0)
-7
7 + 17 + -1 + -44
-21
What is the value of (-2 + 17 - -12) + (11 - 11)?
27
What is the value of 40 + -30 - (1 - (-31 - -7))?
-15
What is -10 + (-10 + 11 - -12)?
3
Calculate -13 + -2 + 0 - (-24 + 14) - 4.
-9
Calculate 13 - 2 - ((9 - 11 - 2) + 0).
15
(-69 - -78) + (-7 - 1) - 4
-3
What is 37 + (0 - 7) + 71 + -80?
21
What is the value of -5 - (-14 + 28 + -8)?
-11
What is 18 + -3 + (-10 - (12 - 22))?
15
Evaluate (-5 - -12) + 1 + (-4 - 1 - 14).
-11
What is 35 + -4 + -20 - (-1 - -21)?
-9
Calculate 2 - 2 - -3 - (-16 - (-15 - 15)).
-11
(-9 - (3 + -6 + -4 + -2)) + -21
-21
What is the value of 764 + -744 + (-13 - 0)?
7
Calculate -81 - -79 - (-2 + -12).
12
What is the value of (-46 - (-10 + -30)) + -25?
-31
Evaluate (2 - (-11 + 3)) + -13.
-3
Calculate (-5 - -3 - 6) + -13.
-21
Evaluate -1 + -3 - (53 - (34 + 7)).
-16
What is the value of 1 - -16 - (6 + 30)?
-19
What is the value of -37 - (-95 + 77 - (-8 - (-3 + 2)))?
-26
3 - -3 - ((16 + 3 - 0) + 0)
-13
Evaluate 0 - -4 - 6 - (-40 - -33).
5
What is the value of -9 - (-2 - -6 - (115 + -104))?
-2
(-391 - -389) + 1 + 12 + 1
12
What is 24 + -58 - -46 - (-1 - -16)?
-3
Evaluate (-39 - 5 - -66) + 18.
40
What is the value of (-15 - 11 - -14) + 7?
-5
Calculate 1 + 17 + (-17 - 16).
-15
50 + -47 - (7 - 1) - (-37 + 13)
21
What is the value of 1 + 1 - -20 - (-3 - -11)?
14
-11 + -1 + 27 - -2
17
Calculate 0 + (1 - 11 - 4) + 6.
-8
Calculate -6 + (5 - -5) + (-1 - -9) + -3.
9
Calculate (15 - -9) + -33 + -5.
-14
What is the value of 2 - -5 - -2 - (9 - (-16 - -26))?
10
What is 9 + -37 + (6 - -17)?
-5
12 - (7 + 0) - (0 + -4)
9
What is the value of 53 + -61 + -1 + 1?
-8
What is the value of -6 - ((35 - 8) + -36)?
3
-8 - (-5 + (-4 - -6 - 5))
0
What is (0 + 5 - -2 - (240 + -234)) + -23?
-22
10 - (16 + 23 + -13)
-16
What is the value 